 7*m = 9*m. Suppose m*t - 3*s = 4*t - 30, 3*t = 2*s + 14. Suppose 3 = -b + t. Calculate the remainder when 8 is divided by b.
2
Let z(k) = 2*k**3 - 7*k**2 - 3*k + 7. Let l be z(5). Let f = l + -37. Let u = f + 19. What is the remainder when u is divided by 17?
15
Suppose -2*x + 72 = -0*x. Let s = -1610 + 1576. Let l = x + s. What is the remainder when 7 is divided by l?
1
Let o(q) = -q**2 - 110*q - 904. Suppose 3*a - 64 = 2*u, -87 = -4*a - 0*u + 3*u. What is the remainder when a is divided by o(-101)?
3
Suppose 58*j = 20*j + 5890. Calculate the remainder when j is divided by 13.
12
Let m = -96 + 91. Let w(h) = -h**3 - h**2 - 6*h + 9. Calculate the remainder when w(m) is divided by 35.
34
Let u(h) = h - 8. Let c be u(8). Let t = c - -3. Suppose 17 = 3*l - 1. What is the remainder when l is divided by t?
0
Let z = 53 + -31. Let q = z - 19. Let f(m) = 2*m**3 - 2*m**2 + m - 4. What is the remainder when f(q) is divided by 19?
16
Let n = 64 - 81. Calculate the remainder when (2 + -1)/(n/(-34)) is divided by 1.
0
Calculate the remainder when 39 is divided by 7 - -6*((-36)/(-8) - 4).
9
Calculate the remainder when 53 is divided by (56/(-10))/((-6)/15).
11
Let l(t) = -2*t**3 + 5*t**2 + 4*t - 6. Let c be l(4). Let k = 55 + c. What is the remainder when 67 is divided by k?
16
Let y(z) = z**3 - 5*z**2 + 2*z + 1. Calculate the remainder when (-318)/(-8) + 2 + (-6)/8 is divided by y(5).
8
Suppose 15*x + 1979 = 52334. What is the remainder when x is divided by 96?
93
Suppose -3*l = -4*i - 218, 0 = -2*l - i - 2*i + 151. What is the remainder when l is divided by 38?
36
Suppose 0 = 7*m + 88 - 1138. Calculate the remainder when m is divided by 17.
14
Let w be 10/4*610/25. Suppose 453 = 8*j + w. Calculate the remainder when j is divided by 27.
22
Suppose -2*i - 3*n = -48 - 23, -i - 5*n = -25. What is the remainder when 143 is divided by i?
23
Let h = 0 + -4. Suppose -4*o - 68 = -8*o. What is the remainder when o is divided by 2 - (3 + -3 + h)?
5
Suppose -23*y + 170 = -13*y. Suppose -2*p + 5*l + 30 = 0, 5*p + l - 21 = 27. Calculate the remainder when y is divided by p.
7
Suppose 3*z - 6 = 0, -x + 4*x = -4*z + 80. What is the remainder when 191 is divided by x?
23
Suppose 2*j - 4*p = 64, -18 = -2*j + p + 52. Let m = j - 22. Suppose 4*v = -5*b + 219, -4*b - 2*v + 0*v + 168 = 0. What is the remainder when b is divided by m?
11
Suppose 3*j - 2*g = g + 24, -4 = -2*g. Let x = 8 - j. Calculate the remainder when 5 is divided by 5/x*(-16)/20.
1
Let h = 2 - -11. Suppose -k = 3*l + 36, 2*l - 128 = 5*k + 4*l. Let z(g) = g + 46. What is the remainder when z(k) is divided by h?
9
Suppose s = -w - s - 9, 14 = -w - 3*s. Suppose -5 = -6*x + w. Let g(f) = f - 8. What is the remainder when g(9) is divided by x?
0
Let l be -3*1 + -4 + 1. Let k(x) = -x**3 - 7*x**2 - 8*x - 9. Let h be k(l). Calculate the remainder when 15 is divided by 8/(h + (3 - 5)).
7
Let c = 7 - 6. Let h(n) = 3*n**2 - n. Let k be h(c). Suppose 0 = 7*z - k*z - 485. Calculate the remainder when z is divided by 25.
22
Let k(p) = -9*p**2 - p - 2. Let i be k(-1). Let c = i + 16. Calculate the remainder when 21 is divided by c.
3
Calculate the remainder when 24/5*1650/99 is divided by 41.
39
Suppose 0 = l - 9 + 30. Let z(i) = -i**2 - 13*i - 12. What is the remainder when z(-10) is divided by 8/(-12)*l/2?
4
Let u = 339 - 323. Calculate the remainder when 40 is divided by u.
8
Suppose -96 = -9*b + 615. What is the remainder when b is divided by 71?
8
Let d(q) = 3*q + 70. Calculate the remainder when 1446 is divided by d(-4).
54
Suppose -7*w - 11 = -8*w. Suppose 11 = 2*d - 4*t - 29, -d - t = -w. Let z = d - -7. What is the remainder when 41 is divided by z?
20
Let l(d) = 58*d**2 - 28*d - 28. Calculate the remainder when 223 is divided by l(-1).
49
Let i = -310 + 526. What is the remainder when i is divided by 55?
51
Suppose -173 = -5*o - 3*z, 6*z = o + 5*z - 41. Calculate the remainder when 923 is divided by o.
35
Suppose -8*f = -2*f - 84. Let w = 6 + f. Suppose -4*t + 9 = -19. What is the remainder when w is divided by t?
6
Let a(i) = 19*i - 18. Calculate the remainder when a(10) is divided by ((-22)/(-7))/(16/224).
40
Suppose -92*g = -91*g - 15. Calculate the remainder when 57 is divided by g.
12
Let p = 183 + 171. What is the remainder when p is divided by 18?
12
Let d(p) be the second derivative of -2*p**3/3 - 5*p**2/2 + 2*p. Suppose -2*z + 0 - 10 = 0. What is the remainder when 44 is divided by d(z)?
14
Let g(v) = 5*v**2 + 82*v - 19. Calculate the remainder when g(-17) is divided by 7.
4
Suppose 2*l = -27 - 21. Let x be l/(-9)*12/16. What is the remainder when 4 is divided by 0/((-16)/4) + x?
0
Let d(m) = 2*m**2 + m + 33. Let s be d(0). Let f = 29 - s. Let n = f - -34. What is the remainder when 88 is divided by n?
28
Suppose -44*s + 28 = -40*s. What is the remainder when 44 is divided by s?
2
Let i(u) = u**2 + u - 5. Suppose -5*o + 0*t + 14 = 2*t, 5*o - 32 = 4*t. What is the remainder when ((-86)/(-3))/(10/15) is divided by i(o)?
13
Let f(v) = 2*v - v**3 - 4 - 5 + 8 + v**2. Suppose -6 = -j - 2*p + 2, 115 = 5*j - 5*p. Calculate the remainder when j is divided by f(-2).
4
Suppose 87 + 81 = 21*m. Calculate the remainder when 1101 is divided by m.
5
Suppose 0 = -4*k - k + 10. Let a(s) = 2*s**2 - 2*s + 3. Suppose -15*u = t - 16*u - 7, 15 = 3*u. Calculate the remainder when t is divided by a(k).
5
What is the remainder when 40 is divided by ((-31)/(-62))/(1/60)?
10
Let l(g) = -2*g**3 - 35*g**2 - 18*g - 14. Let d be l(-17). Suppose -d*i + 95 = -r, -42 + 5 = -i + 3*r. Calculate the remainder when i is divided by 11.
9
Suppose 9 = 3*g + 2*q, -g + 3*g - 4*q = 22. Suppose 180 = g*d - 15. What is the remainder when 76 is divided by d?
37
Let s = 2047 + -2013. What is the remainder when s is divided by 4?
2
Let p(g) = -g**3 - 9*g**2 - 11*g - 20. Let a be p(-8). Suppose i - 2*i = -a*k + 216, 3*i - 41 = -k. What is the remainder when k is divided by 15?
8
Let q(t) = 126*t + 2098. What is the remainder when q(0) is divided by 75?
73
Let a = 49 + -25. Let m = a + -12. Suppose -26 = -b - 5*p, 2*p = 4*b - b - 146. What is the remainder when b is divided by m?
10
Let v(l) = -l**2 + 24*l - 35. What is the remainder when v(20) is divided by 11?
1
Let a = 151 + -82. Calculate the remainder when a is divided by 17.
1
Let q(p) = -21 + p - 22 + 45. What is the remainder when 35 is divided by q(9)?
2
Suppose -7*n + 527 = 10*n. Calculate the remainder when 50 is divided by n.
19
Suppose 2*c + 3*c - 50 = 0. Suppose 1896*d - 1907*d + 77 = 0. What is the remainder when c is divided by d?
3
Let r = -553 + 677. What is the remainder when 379 is divided by r?
7
Let l(r) = r**3 + 2*r**2 - 2*r. Suppose 29*d + 5*c = 25*d + 108, 2*d = 2*c + 36. What is the remainder when l(3) is divided by d?
17
Let t(x) = 254*x + 17. Let c(n) = 169*n + 11. Let o(i) = -8*c(i) + 5*t(i). Calculate the remainder when o(-1) is divided by 16.
15
Suppose 9*z = -8*z + 306. Let t(h) = 9*h**2 - 2. Calculate the remainder when t(2) is divided by z.
16
Let h(d) = -d**2 + 20*d - 5. Let i be h(20). What is the remainder when ((-21)/(-6))/(i*(-4)/520) is divided by 19?
15
What is the remainder when (2 - (-56)/(-40)) + (-272)/(-5) is divided by 8?
7
Let y be (66*5)/3 + -1. Suppose 0 = 4*r + 25 - y. Let q = -54 + 135. What is the remainder when q is divided by r?
18
Suppose 4*w - 95 = -w. Suppose -3*k + 4*r - 12 = -4*k, 4*k = 2*r - 6. Suppose k = o - 4 - 3. What is the remainder when w is divided by o?
5
Let h(k) = -4*k**2 + 7*k - 10. Let t(q) = -q**2 - 1. Let w(a) = -h(a) + 3*t(a). Let c be w(6). What is the remainder when (-6 + 7)/(c/25) is divided by 7?
4
Let q = -828 + 849. What is the remainder when 1889 is divided by q?
20
Suppose 4*j - 14*j = -530. Let w = j + -3. Calculate the remainder when w is divided by -17*1/(-1 + 0).
16
Suppose 27*n - 25*n = 4. Suppose -3*s + y = -53, n*s - 3*y - 15 = 25. What is the remainder when 117 is divided by s?
15
Suppose 22 - 8 = 2*w. Let i = -51 + 96. What is the remainder when (0 - 8)*i/(-18) is divided by w?
6
Suppose 0 = 296*s - 281*s - 13275. Calculate the remainder when s is divided by 37.
34
Suppose 33*w - 31*w - 628 = 0. What is the remainder when w is divided by 79?
77
Suppose 4*g - 24 = f + 11, -15 = -3*f. Let y be 5*-76*(-1)/g. S